130861 and 387.
387
Calculate the highest common factor of 748 and 18109080.
748
What is the highest common factor of 408 and 1401208?
136
What is the greatest common factor of 209298 and 522?
6
What is the greatest common factor of 20702770 and 15?
5
What is the greatest common divisor of 13056 and 81660928?
4352
What is the highest common divisor of 24735 and 3400?
85
Calculate the highest common factor of 26524 and 833929.
19
Calculate the greatest common divisor of 175 and 13278195.
35
Calculate the highest common factor of 1639176 and 297.
33
Calculate the highest common factor of 59438 and 97971.
113
What is the highest common divisor of 5949834 and 1254?
66
Calculate the greatest common factor of 218556 and 34671.
39
What is the highest common divisor of 22 and 42471814?
22
Calculate the greatest common divisor of 10902 and 22752566.
46
Calculate the highest common factor of 115 and 17602176.
23
Calculate the highest common divisor of 1417 and 33306.
13
What is the highest common factor of 160560 and 6855?
15
What is the greatest common factor of 743500 and 2500?
500
Calculate the greatest common divisor of 6552131 and 2546.
1273
What is the highest common divisor of 560 and 50265530?
70
What is the greatest common divisor of 21451 and 8759?
19
What is the highest common factor of 14880 and 11284620?
1860
What is the highest common factor of 4492 and 9961010?
2246
Calculate the greatest common divisor of 5159 and 22829513.
469
Calculate the highest common divisor of 2133672 and 168.
24
What is the highest common factor of 136 and 10480394?
2
Calculate the greatest common divisor of 13615 and 169190.
35
Calculate the greatest common factor of 9175296 and 351.
39
What is the highest common factor of 1803 and 1623301?
601
Calculate the highest common divisor of 76 and 16038983.
19
What is the highest common divisor of 46482945 and 225?
15
Calculate the highest common factor of 176 and 291576.
8
What is the highest common divisor of 198015563 and 3346?
239
What is the greatest common divisor of 67696 and 288784?
16
What is the greatest common factor of 764194 and 20116?
214
What is the greatest common factor of 282766 and 113630?
22
Calculate the greatest common factor of 3196 and 56848.
68
Calculate the highest common factor of 69 and 14206502.
23
What is the greatest common factor of 132957 and 186677?
1343
Calculate the highest common divisor of 1371348294 and 57.
57
Calculate the greatest common factor of 187938608 and 4576.
2288
What is the greatest common divisor of 6800 and 410635?
85
Calculate the highest common factor of 36542726 and 11176.
2794
What is the highest common divisor of 50 and 14544760?
10
Calculate the highest common factor of 799253179 and 3446.
1723
What is the greatest common divisor of 8711145 and 91105?
685
What is the highest common factor of 1114432290 and 860?
430
What is the greatest common divisor of 346931549 and 619?
619
What is the highest common factor of 1080996 and 8148?
84
What is the highest common divisor of 1425 and 756975?
75
What is the highest common divisor of 3637652 and 155852?
3316
What is the greatest common factor of 819 and 434058300?
117
Calculate the highest common factor of 3795 and 5502585.
165
What is the highest common factor of 9154390 and 490?
70
Calculate the greatest common divisor of 980 and 4891768.
196
What is the greatest common divisor of 271694322 and 3062?
3062
What is the highest common factor of 187604223 and 852?
213
Calculate the greatest common divisor of 107267 and 201.
67
What is the highest common factor of 35 and 67869515?
35
Calculate the greatest common divisor of 1111526 and 702.
26
Calculate the greatest common divisor of 87117 and 4473.
213
What is the highest common factor of 6623 and 90189687?
179
What is the highest common factor of 5411790 and 288016?
766
Calculate the greatest common divisor of 5832 and 1037502.
54
Calculate the greatest common factor of 146407370 and 696.
58
Calculate the highest common factor of 9789598 and 4522.
266
What is the highest common factor of 954761 and 7383?
107
Calculate the greatest common divisor of 288426 and 373684.
1814
Calculate the highest common factor of 330 and 5834884.
22
What is the highest common divisor of 778434 and 42333?
411
Calculate the highest common factor of 836 and 13771846.
418
What is the greatest common factor of 56772812 and 4986?
554
What is the highest common divisor of 320128 and 1618147?
2501
What is the greatest common divisor of 119328 and 175560?
264
Calculate the highest common divisor of 13741082 and 438.
146
What is the highest common divisor of 11 and 5278163?
11
What is the greatest common factor of 94426344 and 216?
216
What is the highest common factor of 34925338 and 133574?
2842
What is the greatest common factor of 711 and 61984980?
711
Calculate the highest common factor of 419575410 and 270.
270
Calculate the highest common factor of 251450625 and 1875.
1875
Calculate the highest common factor of 1804 and 2044096.
164
What is the highest common divisor of 3248 and 14488138?
14
What is the highest common factor of 489 and 2458040?
163
Calculate the highest common divisor of 559820880 and 1632.
816
What is the highest common divisor of 70094925 and 10?
5
What is the highest common divisor of 27310671 and 35406?
2529
What is the greatest common divisor of 229800 and 403800?
600
Calculate the greatest common factor of 172036 and 28126.
82
What is the greatest common factor of 15525765 and 63?
9
What is the highest common factor of 250078 and 722?
38
Calculate the greatest common divisor of 104 and 13095896.
8
What is the highest common factor of 15315 and 231585?
15
Calculate the greatest common divisor of 1452 and 12007314.
726
Calculate the highest common factor of 70488 and 26465307.
2937
What is the greatest common factor of 43384 and 7047792?
136
Calculate the greatest common divisor of 5405284 and 217.
31
What is the greatest common factor of 152105 and 52200?
145
What is the greatest common factor of 759138 and 1334?
46
What is the greatest common factor of 951 and 997959746?
317
What is the highest common factor of 61 and 2817?
1
What is the greatest common factor of 74908 and 1319552?
244
What is the greatest common divisor of 3056 and 49616261?
191
Calculate the highest common factor of 505 and 82835.
5
What is the greatest common factor of 25822710 and 760?
190
What is the greatest common divisor of 17574040 and 3190?
110
Calculate the greatest common divisor of 77878047 and 26.
13
Calculate the greatest common factor of 4529 and 2394.
7
What is the highest common factor of 25606152 and 27?
27
Calculate the greatest common factor of 5635 and 94415.
115
What is the highest common factor of 183947 and 3712?
29
Calculate the highest common divisor of 320952 and 582.
6
What is the greatest common factor of 972203 and 68465?
13693
Calculate the highest common divisor of 718708 and 326172.
1412
Calculate the greatest common factor of 160407005 and 2585.
2585
Calculate the greatest common factor of 20258761 and 412.
103
Calculate the highest common factor of 70934 and 107097.
29
Calculate the highest common divisor of 436667106 and 1113.
159
What is the greatest common divisor of 77400 and 172215?
1935
Calculate the greatest common factor of 1884 and 26304408.
1884
What is the greatest common factor of 628 and 61073?
157
Calculate the highest common divisor of 21173 and 359258.
683
Calculate the highest common factor of 1131 and 2981355.
39
Calculate the highest common divisor of 165 and 1251395.
5
Calculate the greatest common factor of 64907 and 1175.
47
What is the greatest common divisor of 3487 and 24679380?
11
Calculate the greatest common factor of 159903 and 105624.
1467
What is the greatest common factor of 106343283 and 276?
69
What is the highest common divisor of 3864 and 361422?
138
Calculate the greatest common factor of 752 and 87887791.
47
Calculate the greatest common factor of 8813 and 66356854.
1259
Calculate the highest common divisor of 30591 and 2513808.
297
Calculate the highest common factor of 204 and 388916684.
68
Calculate the greatest common divisor of 3249 and 257131275.
1083
What is the greatest common divisor of 132927620 and 284?
284
What i